 - 2. Suppose -5*d = o - 56, 6*d - o - 32 = f*d. List the prime factors of d.
11
Let b = 208 - 48. List the prime factors of b.
2, 5
Suppose 7*s = 4*s + 39. What are the prime factors of s?
13
Suppose 3*h - 3*k = 3, h + 5*k = -3*h - 32. Let g(c) = -c**3 - 4*c**2 - 3*c + 3. Let f be g(h). Suppose 12 = j + f*j. List the prime factors of j.
3
What are the prime factors of 1*-1 + (49 - 1)?
47
Suppose x - 8 + 3 = 0. Suppose -x*j = -5*l - 5, -2*j + 3*l + l = 0. Suppose -12 = -j*b + b. List the prime factors of b.
2, 3
Let r be 12/2 + 1 + -3. Let s = 16 + r. Suppose s = 4*p - 28. What are the prime factors of p?
2, 3
Suppose -2*c = 2*c + 4. Let o be c/(-3) + 1/(-3). Suppose 4*z - 67 - 9 = o. List the prime factors of z.
19
Let m be 2 + 2 + 16*2. Let w be 1/(0 + 3/m). Suppose -3*t - w = -48. What are the prime factors of t?
2, 3
Suppose 4*b = -4 + 924. List the prime factors of b.
2, 5, 23
Suppose -4 = -5*b + 1. List the prime factors of 4/(-4) - (b - 5).
3
Suppose t = 3*t - 8. Suppose -b + 97 = 5*y, -2*y - 2*b - 34 = -t*y. What are the prime factors of y?
19
Let l(c) = 8*c - 3. List the prime factors of l(7).
53
Let s be 0 + (2 - (-3 + 5)). Suppose s = 2*q + 5*m - 5, 0*m - 5*m + 25 = 0. Let b(r) = r + 12. What are the prime factors of b(q)?
2
Let b(m) = m**2 - 7*m - 11. What are the prime factors of b(11)?
3, 11
List the prime factors of (-1190)/(-28) - 6/4.
41
Suppose 2*d - 4 = -2*y, -2*y = 5*d - 4*d - 4. What are the prime factors of y?
2
What are the prime factors of (-1360)/(-22) - 2/(-11)?
2, 31
Let g(y) = -y**3 + 18*y**2 - 18*y - 24. What are the prime factors of g(16)?
2, 5
Let d = 113 - 0. Suppose -4*b + 3*z = d, -2*z - 98 = 2*b + 2*b. List the prime factors of (-204)/b + 8/52.
2
Suppose i = 1, -i - 3 - 9 = -j. Suppose -5*c + 161 = -4*u, -2*c + j + 57 = 4*u. List the prime factors of c.
3, 11
Suppose 5*k - 1724 = -4*q - 4, -q = -3*k + 1032. What are the prime factors of k?
2, 43
Let f(k) = k**3 + 7*k**2 - 4*k - 1. List the prime factors of f(-5).
3, 23
Suppose 11 = 2*z - 7. Let m be z/3*2/(-3). What are the prime factors of (2/m)/(2/(-12))?
2, 3
Suppose 0 = 3*m - 3*n, -5*n = -3*m + m - 3. Let f(s) = -s**2 + 3 - 1 + m - s**3 - s. List the prime factors of f(0).
3
Suppose -136 = -3*x - x. Suppose i - 3*w - w = x, -5*i - 2*w = -60. Let r = i + -8. List the prime factors of r.
2, 3
Let s(h) = h**3 - 12*h**2 - 4*h + 16. Let q be s(12). What are the prime factors of q/40*(0 + -15)?
2, 3
Let t = -6 + 8. Suppose -t*l - 1 = -17. What are the prime factors of l?
2
Suppose 2*j - m - 3*m - 68 = 0, -86 = -2*j - 5*m. What are the prime factors of j?
2, 19
Suppose 1 + 2 = f. Suppose 11 = f*u - 1. Suppose 3*x - u - 8 = 0. List the prime factors of x.
2
Let s(y) be the second derivative of -5*y**3/6 - 3*y**2/2 - y. Suppose -5*c - 3 = -4*t, 3*t + 3*c = -2*c - 24. List the prime factors of s(t).
2, 3
Suppose -n - 146 = -5*y, 2*y = -3*n + 22 + 33. Let d = 51 - y. List the prime factors of d.
2, 11
List the prime factors of (-3 - -1)/((-10)/215).
43
Suppose 3*x = -2*x + 20. Let t be -22*(2/x)/(-1). Let c = t + -7. List the prime factors of c.
2
Let q be 0/(-4) + 2*2. Let a(g) = -1 - g + q*g + 2 - 2*g. What are the prime factors of a(4)?
5
Let j = -7 + 10. Suppose -j*n + 38 = -7. List the prime factors of n.
3, 5
Suppose -5*j + 42 = 3*t, -2*j - 5*t = -0*t - 32. What are the prime factors of j?
2, 3
Let f(h) = -11*h + 14. What are the prime factors of f(-8)?
2, 3, 17
List the prime factors of (62 - 1)*9*2/6.
3, 61
Suppose -2*d = -0 + 2, -181 = -y + 2*d. What are the prime factors of y?
179
Let r = -4 + 2. Let a be r*1/(3/(-6)). Let h(t) = 2*t - 1. List the prime factors of h(a).
7
Let j = -18 + 23. Suppose -v + 15 + 29 = 5*n, j*v - 4*n - 220 = 0. What are the prime factors of v?
2, 11
Suppose 6*y = 913 + 959. What are the prime factors of y?
2, 3, 13
Let o be (3 + -2)/(1/(-9)). Let q = o + 19. What are the prime factors of ((-18)/15)/((-4)/q)?
3
Let k(w) be the second derivative of w**4/12 + 2*w**3/3 - 17*w**2/2 - 3*w. What are the prime factors of k(-10)?
43
Let c = 78 - 33. Let s = c - 24. List the prime factors of s.
3, 7
Let y = -43 - -71. Suppose y = 4*o - 5*j, -22 = 3*o - 6*o + 4*j. Suppose -3*t + 5*w + 77 = 0, -o*w + 7 = t + w. List the prime factors of t.
19
Let r = -50 + 92. List the prime factors of r.
2, 3, 7
Suppose -4*t = -5*p + t, -4*p - t = -20. Suppose -2*c + p + 0 = 0. Suppose -2*n = 3*z - z - 38, 33 = c*z + n. List the prime factors of z.
2, 7
Let j = 1 - -3. Suppose 0 = 5*m + 5*v - 75, -j*m + 4*v + 12 = -2*m. Suppose -48 = -3*x - m. List the prime factors of x.
2, 3
Let t = 34 - 19. List the prime factors of t.
3, 5
Let a(b) = b**2 + 13*b - 67. What are the prime factors of a(11)?
197
Let r = 10 - 5. Let o(i) = -r - 1 - 2*i - 5. What are the prime factors of o(-8)?
5
Let j(h) = -h**2 - 5*h + 2. Let s be j(-6). Let b be 30/8 - 1/s. Suppose y + 1 - 14 = g, -b*g + 3 = y. What are the prime factors of y?
11
Suppose 5*o - 667 = 763. List the prime factors of o.
2, 11, 13
Let a = 97 + 89. List the prime factors of a.
2, 3, 31
Let p(s) = s - 11. Let q be p(13). Suppose 5*h - 30 = q*h. What are the prime factors of h?
2, 5
Let q(a) = a**2 - 4*a. Let p be q(3). Let u = p - -35. List the prime factors of u.
2
Suppose -243 = -4*t - 35. What are the prime factors of t?
2, 13
Let r = -3 + 4. Suppose -16 + r = -3*k. What are the prime factors of (14/k)/(4/20)?
2, 7
Let s = -7 + 4. Let y(m) = 2*m**2 + m + 4. What are the prime factors of y(s)?
19
Suppose 3*u = 5*g - 8, u + 0*u = 4*g - 5. Suppose -5*k + t = -13, t = -0*k - k - g. Suppose 15 = 5*c, 3*h - 27 = -k*c + c. List the prime factors of h.
2
Let z = 0 + 2. Suppose c = z*d + 49, -c - 2*d - 131 = -4*c. What are the prime factors of c?
41
Let m(p) = -2*p - 2. Let j be m(2). Let u be (-2)/(-3) - 8/j. Suppose -u*y + 3 = -3. What are the prime factors of y?
3
Suppose -5 - 5 = -5*p. Let o = p + -12. List the prime factors of (-30)/(-4) - (-5)/o.
7
Let a(k) = -k**3 + 4*k**2 - 1. Let u be a(4). Let r be (1 - u)*(-37)/(-2). Suppose 4*f = r + 19. What are the prime factors of f?
2, 7
Let o = 3 + 2. Suppose 64 = o*l - 6. What are the prime factors of l?
2, 7
Let k(p) = 5*p**2 + 15*p - 23. What are the prime factors of k(7)?
3, 109
Let h(b) = 2*b - 5. Let p be h(-9). List the prime factors of 1/(-2 - -1)*p.
23
Suppose 0 = -5*q + 5 - 25. Let o = 28 + q. Suppose 3*t + 0*t - o = 0. List the prime factors of t.
2
List the prime factors of 38/6*(7 + 5).
2, 19
Let d = 34 + 10. List the prime factors of d.
2, 11
Let c(b) = -4*b**2 + b + 1. Let p be c(-2). Let n = p - -34. Suppose 0 = 3*i - n - 19. What are the prime factors of i?
2, 3
Suppose 880 + 954 = 7*n. What are the prime factors of n?
2, 131
Let p = -13 - -43. What are the prime factors of p?
2, 3, 5
Suppose 2*i + 20 = p, 33 = -p + 4*p + 3*i. Let s = p + 9. What are the prime factors of s?
23
Suppose -7*d + 436 = -1146. List the prime factors of d.
2, 113
Let o(v) = 24*v - 24. List the prime factors of o(10).
2, 3
Let g(k) be the first derivative of 2*k**3/3 + 3*k**2/2 - k + 2. What are the prime factors of g(2)?
13
Let f(r) be the third derivative of r**5/60 - r**4/24 - r**3/3 - 2*r**2. Let u = 5 - 8. List the prime factors of f(u).
2, 5
Let h(a) = 0*a - 2*a**2 - a**3 + 6*a - 5*a**2. List the prime factors of h(-8).
2
Let h(z) = -z**3 - 11*z**2 + 6*z - 4. Let a(b) = -5*b**2 + 3*b - 2. Let g(y) = 5*a(y) - 2*h(y). List the prime factors of g(2).
2
Let k = -6 + 13. What are the prime factors of 2/k - 366/(-42)?
3
Let f(m) = 5*m + 14. Let c(o) = 2*o + 7. Let p(d) = -9*c(d) + 4*f(d). Suppose 28 = 2*z + 12. What are the prime factors of p(z)?
3
Suppose 0 = 5*d + 2 + 3. What are the prime factors of (15/6)/(d/(-2))?
5
Suppose -95 = -a - 4*a. Let s = a + -11. List the prime factors of s.
2
Let r(y) be the second derivative of -1/2*y**3 + 0 + 3/2*y**2 + 1/20*y**5 - 3*y - 1/12*y**4. What are the prime factors of r(3)?
2, 3
Let i(w) = -8*w - 3*w**2 + w**2 + 1 + 2 + w**2. List the prime factors of i(-6).
3, 5
Let b = -111 + 298. List the prime factors of b.
11, 17
Let w(i) = -i - 13. Let g be w(-7). List the prime factors of (1/3)/(g/(-306)).
17
Let i(s) = -2*s - 5. Let l be i(-5). Suppose 2*t = l*n + 6*t - 9, 0 = -2*n - 4*t + 6. List the prime factors of (10 + 2)*n/2.
2, 3